sands digit of 4863?
4
What is the units digit of 52190?
0
What is the tens digit of 6980?
8
What is the hundreds digit of 436?
4
What is the tens digit of 2698?
9
What is the ten thousands digit of 52683?
5
What is the hundreds digit of 1048?
0
What is the thousands digit of 1806?
1
What is the tens digit of 590?
9
What is the hundreds digit of 10233?
2
What is the hundreds digit of 617?
6
What is the units digit of 136?
6
What is the tens digit of 12201?
0
What is the tens digit of 3218?
1
What is the hundreds digit of 404?
4
What is the tens digit of 2527?
2
What is the units digit of 13164?
4
What is the units digit of 587?
7
What is the tens digit of 1657?
5
What is the tens digit of 1630?
3
What is the hundreds digit of 2781?
7
What is the units digit of 72063?
3
What is the ten thousands digit of 86425?
8
What is the units digit of 5399?
9
What is the hundreds digit of 181200?
2
What is the ten thousands digit of 80981?
8
What is the tens digit of 2155?
5
What is the hundreds digit of 470?
4
What is the hundreds digit of 5596?
5
What is the tens digit of 27160?
6
What is the thousands digit of 1167?
1
What is the tens digit of 19342?
4
What is the thousands digit of 3778?
3
What is the thousands digit of 1359?
1
What is the thousands digit of 6830?
6
What is the thousands digit of 10481?
0
What is the units digit of 4061?
1
What is the tens digit of 3433?
3
What is the units digit of 173?
3
What is the tens digit of 3133?
3
What is the hundreds digit of 794?
7
What is the thousands digit of 11818?
1
What is the thousands digit of 3151?
3
What is the tens digit of 12654?
5
What is the units digit of 5902?
2
What is the units digit of 13156?
6
What is the units digit of 2749?
9
What is the tens digit of 1223?
2
What is the tens digit of 396?
9
What is the thousands digit of 5931?
5
What is the ten thousands digit of 119501?
1
What is the units digit of 1717?
7
What is the thousands digit of 30338?
0
What is the tens digit of 812?
1
What is the tens digit of 14186?
8
What is the hundreds digit of 42002?
0
What is the ten thousands digit of 54578?
5
What is the thousands digit of 24254?
4
What is the hundreds digit of 7282?
2
What is the units digit of 31307?
7
What is the hundreds digit of 7904?
9
What is the thousands digit of 1364?
1
What is the tens digit of 1244?
4
What is the tens digit of 51143?
4
What is the tens digit of 4943?
4
What is the units digit of 21300?
0
What is the hundreds digit of 166105?
1
What is the hundreds digit of 22218?
2
What is the hundreds digit of 1184?
1
What is the thousands digit of 7392?
7
What is the thousands digit of 40807?
0
What is the tens digit of 8865?
6
What is the thousands digit of 10336?
0
What is the hundreds digit of 3933?
9
What is the thousands digit of 51046?
1
What is the units digit of 927?
7
What is the thousands digit of 55151?
5
What is the tens digit of 22003?
0
What is the thousands digit of 31804?
1
What is the hundreds digit of 14277?
2
What is the units digit of 2611?
1
What is the units digit of 140396?
6
What is the hundreds digit of 398?
3
What is the units digit of 58814?
4
What is the thousands digit of 1031?
1
What is the thousands digit of 6322?
6
What is the ten thousands digit of 12764?
1
What is the hundreds digit of 911?
9
What is the hundreds digit of 3541?
5
What is the hundreds digit of 514?
5
What is the units digit of 1173?
3
What is the tens digit of 54627?
2
What is the units digit of 2079?
9
What is the tens digit of 527?
2
What is the tens digit of 19375?
7
What is the units digit of 4112?
2
What is the units digit of 370?
0
What is the hundreds digit of 957?
9
What is the hundreds digit of 127332?
3
What is the ten thousands digit of 21906?
2
What is the thousands digit of 2138?
2
What is the units digit of 63929?
9
What is the tens digit of 8537?
3
What is the units digit of 92623?
3
What is the tens digit of 1317?
1
What is the units digit of 1191?
1
What is the ten thousands digit of 13489?
1
What is the thousands digit of 4145?
4
What is the units digit of 709?
9
What is the tens digit of 787?
8
What is the thousands digit of 8703?
8
What is the hundreds digit of 4616?
6
What is the units digit of 30?
0
What is the hundreds digit of 409?
4
What is the tens digit of 389?
8
What is the thousands digit of 1412?
1
What is the hundreds digit of 143?
1
What is the tens digit of 2307?
0
What is the units digit of 13132?
2
What is the tens digit of 102446?
4
What is the hundreds digit of 65298?
2
What is the units digit of 8636?
6
What is the tens digit of 14767?
6
What is the thousands digit of 1880?
1
What is the units digit of 11646?
6
What is the units digit of 37651?
1
What is the hundreds digit of 154?
1
What is the hundreds digit of 2753?
7
What is the hundreds digit of 25744?
7
What is the units digit of 25699?
9
What is the tens digit of 22089?
8
What is the thousands digit of 25939?
5
What is the tens digit of 162757?
5
What is the units digit of 280?
0
What is the tens digit of 1230?
3
What is the tens digit of 707?
0
What is the units digit of 11976?
6
What is the tens digit of 24212?
1
What is the hundreds digit of 162878?
8
What is the thousands digit of 9482?
9
What is the hundreds digit of 563?
5
What is the units digit of 6932?
2
What is the thousands digit of 4659?
4
What is the hundreds digit of 48699?
6
What is the tens digit of 1012?
1
What is the ten thousands digit of 23280?
2
What is the ten thousands digit of 11554?
1
What is the hundreds digit of 16661?
6
What is the hundreds digit of 14388?
3
What is the units digit of 9333?
3
What is the tens digit of 2442?
4
What is the units digit of 1586?
6
What is the hundreds digit of 151433?
4
What is the thousands digit of 2209?
2
What is the units digit of 1396?
6
What is the hundreds digit of 5496?
4
What is the units digit of 48444?
4
What is the units digit of 1638?
8
What is the units digit of 2927?
7
What is the tens digit of 15439?
3
What is the tens digit of 16398?
9
What is the hundreds digit of 2310?
3
What is the units digit of 2905?
5
What is the units digit of 153?
3
What is the tens digit of 2099?
9
What is the tens digit of 34672?
7
What is the hundred thousands digit of 176774?
1
What is the thousands digit of 2572?
2
What is the ten thousands digit of 11469?
1
What is the thousands digit of 3720?
3
What is the units digit of 121141?
1
What is the units digit of 2728?
8
What is the units digit of 348?
8
What is the hundreds digit of 1235?
2
What is the units digit of 7135?
5
What is the tens digit of 36236?
3
What is the tens digit of 2774?
7
What is the hundreds digit of 1656?
6
What is the hundreds digit of 34030?
0
What is the tens digit of 1087?
8
What is the units digit of 2810?
0
What is the units digit of 1188?
8
What is the units digit of 13718?
8
What is the units digit of 56?
6
What is the tens digit of 781?
8
What is the hundreds digit of 797?
7
What is the hundreds digit of 1574?
5
What is the tens digit of 67148?
4
What is the hundreds digit of 6256?
2
What is the hundreds digit of 94940?
9
What is the tens digit of 27332?
3
What is the units digit of 72?
2
What is the units digit of 13826?
6
What is the units digit of 813?
3
What is the ten thousands digit of 70048?
7
What is the tens digit of 1513?
1
What is the hundreds digit of 36733?
7
What is the units digit of 2579?
9
What is the thousands digit of 83471?
3
What is the units digit of 64579?
9
What is the units digit of 8247?
7
What is the units digit of 1721?
1
What is the units digit of 1357?
7
What is the units digit of 4011?
1
What is the tens digit of 1405?
0
What is the tens digit of 31631?
3
What is the tens digit of 541?
4
What is the thousands digit of 68149?
8
What is the thousands digit of 2266?
2
What is the thousands digit of 1138?
1
What is the units digit of 5386?
6
What is the thousands digit of 1670?
1
What is the thousands digit of 3117?
3
What is the units digit of 2418?
8
What is the hundreds digit of 83433?
4
What is the units digit of 911?
1
What is the hundreds digit of 560?
5
What is the hundreds digit of 930?
9
What is the hundreds digit of 1106?
1
What is the units digit of 20138?
8
What is the tens digit of 1823?
2
What is the units digit of 6213?
3
What is the hundreds digit o